900?
9
What is the hundreds digit of 1421?
4
What is the ten thousands digit of 111277?
1
What is the hundreds digit of 969?
9
What is the hundreds digit of 121234?
2
What is the tens digit of 13638?
3
What is the ten thousands digit of 22861?
2
What is the hundreds digit of 1849?
8
What is the hundreds digit of 16843?
8
What is the hundreds digit of 16834?
8
What is the ten thousands digit of 86473?
8
What is the hundreds digit of 3842?
8
What is the units digit of 25647?
7
What is the units digit of 2012?
2
What is the units digit of 2948?
8
What is the thousands digit of 18114?
8
What is the tens digit of 182?
8
What is the hundreds digit of 19679?
6
What is the thousands digit of 126937?
6
What is the units digit of 365?
5
What is the tens digit of 2230?
3
What is the units digit of 1166?
6
What is the hundreds digit of 42303?
3
What is the tens digit of 2314?
1
What is the hundreds digit of 11787?
7
What is the ten thousands digit of 131873?
3
What is the tens digit of 1059?
5
What is the thousands digit of 4706?
4
What is the hundreds digit of 2704?
7
What is the ten thousands digit of 40654?
4
What is the ten thousands digit of 24176?
2
What is the units digit of 2976?
6
What is the units digit of 1766?
6
What is the tens digit of 105806?
0
What is the hundreds digit of 13656?
6
What is the units digit of 4625?
5
What is the units digit of 95954?
4
What is the ten thousands digit of 10719?
1
What is the units digit of 134744?
4
What is the tens digit of 4251?
5
What is the units digit of 98217?
7
What is the tens digit of 1415?
1
What is the units digit of 2202?
2
What is the tens digit of 10082?
8
What is the units digit of 5759?
9
What is the hundreds digit of 3868?
8
What is the tens digit of 3440?
4
What is the thousands digit of 1814?
1
What is the tens digit of 4506?
0
What is the thousands digit of 86075?
6
What is the units digit of 5231?
1
What is the units digit of 3497?
7
What is the ten thousands digit of 100793?
0
What is the hundreds digit of 860?
8
What is the units digit of 845?
5
What is the thousands digit of 22524?
2
What is the tens digit of 2657?
5
What is the hundreds digit of 2411?
4
What is the hundreds digit of 7427?
4
What is the hundreds digit of 500?
5
What is the tens digit of 914?
1
What is the tens digit of 111769?
6
What is the units digit of 74957?
7
What is the hundreds digit of 718?
7
What is the units digit of 71529?
9
What is the units digit of 1879?
9
What is the units digit of 2755?
5
What is the ten thousands digit of 20721?
2
What is the thousands digit of 13894?
3
What is the tens digit of 15260?
6
What is the tens digit of 492?
9
What is the thousands digit of 2990?
2
What is the thousands digit of 22655?
2
What is the thousands digit of 146913?
6
What is the tens digit of 1462?
6
What is the units digit of 10932?
2
What is the ten thousands digit of 46879?
4
What is the tens digit of 1425?
2
What is the hundreds digit of 922?
9
What is the thousands digit of 7333?
7
What is the thousands digit of 3551?
3
What is the tens digit of 2701?
0
What is the thousands digit of 84669?
4
What is the ten thousands digit of 30291?
3
What is the tens digit of 6432?
3
What is the units digit of 3111?
1
What is the thousands digit of 6125?
6
What is the hundreds digit of 522?
5
What is the hundreds digit of 20757?
7
What is the ten thousands digit of 177015?
7
What is the tens digit of 4599?
9
What is the hundreds digit of 1834?
8
What is the hundreds digit of 216?
2
What is the tens digit of 17583?
8
What is the thousands digit of 2281?
2
What is the tens digit of 10616?
1
What is the tens digit of 2351?
5
What is the ten thousands digit of 35209?
3
What is the units digit of 11?
1
What is the units digit of 163?
3
What is the hundreds digit of 11462?
4
What is the tens digit of 4728?
2
What is the thousands digit of 2426?
2
What is the tens digit of 10015?
1
What is the tens digit of 2152?
5
What is the hundreds digit of 1925?
9
What is the thousands digit of 128033?
8
What is the hundreds digit of 77283?
2
What is the thousands digit of 147613?
7
What is the tens digit of 2424?
2
What is the hundreds digit of 57356?
3
What is the thousands digit of 7036?
7
What is the units digit of 839?
9
What is the units digit of 154455?
5
What is the units digit of 465?
5
What is the thousands digit of 48567?
8
What is the tens digit of 3788?
8
What is the units digit of 89738?
8
What is the tens digit of 482?
8
What is the tens digit of 5845?
4
What is the tens digit of 15471?
7
What is the units digit of 6075?
5
What is the tens digit of 1013?
1
What is the tens digit of 32485?
8
What is the thousands digit of 8301?
8
What is the hundreds digit of 270?
2
What is the thousands digit of 5202?
5
What is the thousands digit of 31489?
1
What is the tens digit of 1817?
1
What is the tens digit of 427?
2
What is the units digit of 1757?
7
What is the hundreds digit of 1165?
1
What is the hundreds digit of 38649?
6
What is the hundreds digit of 653?
6
What is the tens digit of 6670?
7
What is the thousands digit of 3922?
3
What is the thousands digit of 18232?
8
What is the units digit of 282?
2
What is the units digit of 55?
5
What is the hundreds digit of 34012?
0
What is the tens digit of 28651?
5
What is the thousands digit of 2394?
2
What is the ten thousands digit of 40039?
4
What is the hundreds digit of 4415?
4
What is the units digit of 79615?
5
What is the tens digit of 16441?
4
What is the thousands digit of 8435?
8
What is the ten thousands digit of 15342?
1
What is the hundreds digit of 15446?
4
What is the units digit of 10223?
3
What is the tens digit of 1673?
7
What is the units digit of 2487?
7
What is the hundreds digit of 4396?
3
What is the thousands digit of 8013?
8
What is the units digit of 980?
0
What is the ten thousands digit of 30947?
3
What is the tens digit of 258?
5
What is the thousands digit of 8381?
8
What is the ten thousands digit of 85151?
8
What is the hundreds digit of 1439?
4
What is the tens digit of 27627?
2
What is the tens digit of 4162?
6
What is the thousands digit of 10374?
0
What is the ten thousands digit of 12920?
1
What is the units digit of 2063?
3
What is the hundreds digit of 882?
8
What is the tens digit of 1148?
4
What is the thousands digit of 1519?
1
What is the tens digit of 15796?
9
What is the hundreds digit of 15500?
5
What is the units digit of 3263?
3
What is the units digit of 37703?
3
What is the units digit of 886?
6
What is the ten thousands digit of 110013?
1
What is the thousands digit of 37215?
7
What is the hundreds digit of 4666?
6
What is the units digit of 905?
5
What is the units digit of 6314?
4
What is the tens digit of 33104?
0
What is the units digit of 2801?
1
What is the tens digit of 6573?
7
What is the ten thousands digit of 103153?
0
What is the tens digit of 148?
4
What is the thousands digit of 27419?
7
What is the hundreds digit of 8936?
9
What is the units digit of 128714?
4
What is the thousands digit of 1436?
1
What is the thousands digit of 95990?
5
What is the tens digit of 5006?
0
What is the thousands digit of 2030?
2
What is the tens digit of 632?
3
What is the hundreds digit of 1274?
2
What is the hundreds digit of 555?
5
What is the tens digit of 156?
5
What is the hundreds digit of 14689?
6
What is the thousands digit of 19239?
9
What is the units digit of 34931?
1
What is the ten thousands digit of 38180?
3
What is the hundreds digit of 2004?
0
What is the tens digit of 152738?
3
What is the hundreds digit of 16675?
6
What is the hundreds digit of 2280?
2
What is the units digit of 545?
5
What is the units digit of 1146?
6
What is the ten thousands digit of 23053?
2
What is the tens digit of 94176?
7
What is the units digit of 4978?
8
What is the thousands digit of 65874?
5
What is the units digit of 99281?
1
What is the ten thousands digit of 34529?
3
What is the hundreds digit of 9324?
3
What is the units digit of 762?
2
What is the tens digit of 14164?
6
What is the tens digit of 8499?
9
What is the thousands digit of 3011?
3
What is the ten thousands digit of 192640?
9
What is the thousands digit of 7726?
7
What is the ten thousands digit of 20388?
2
What is the hundreds digit of 115508?
5
What is the tens digit of 164